inder when 6719 is divided by 11.
9
Calculate the remainder when 11423 is divided by 119.
118
What is the remainder when 267 is divided by 53?
2
Calculate the remainder when 249 is divided by 26.
15
Calculate the remainder when 10580 is divided by 11.
9
What is the remainder when 204 is divided by 56?
36
What is the remainder when 494 is divided by 71?
68
Calculate the remainder when 375 is divided by 47.
46
What is the remainder when 2153 is divided by 429?
8
What is the remainder when 421 is divided by 213?
208
Calculate the remainder when 575 is divided by 21.
8
Calculate the remainder when 658 is divided by 22.
20
Calculate the remainder when 334 is divided by 59.
39
What is the remainder when 478 is divided by 230?
18
What is the remainder when 65 is divided by 35?
30
Calculate the remainder when 112 is divided by 49.
14
What is the remainder when 229 is divided by 60?
49
Calculate the remainder when 972 is divided by 25.
22
Calculate the remainder when 57 is divided by 54.
3
What is the remainder when 39 is divided by 14?
11
Calculate the remainder when 4454 is divided by 99.
98
What is the remainder when 1088 is divided by 29?
15
What is the remainder when 604 is divided by 66?
10
Calculate the remainder when 371 is divided by 33.
8
What is the remainder when 143 is divided by 46?
5
Calculate the remainder when 154 is divided by 41.
31
Calculate the remainder when 18 is divided by 13.
5
What is the remainder when 515 is divided by 20?
15
What is the remainder when 3255 is divided by 18?
15
Calculate the remainder when 416 is divided by 99.
20
What is the remainder when 15 is divided by 6?
3
What is the remainder when 212 is divided by 50?
12
What is the remainder when 153 is divided by 52?
49
Calculate the remainder when 246 is divided by 10.
6
What is the remainder when 1185 is divided by 33?
30
Calculate the remainder when 30 is divided by 10.
0
What is the remainder when 89 is divided by 41?
7
Calculate the remainder when 4580 is divided by 153.
143
Calculate the remainder when 399 is divided by 137.
125
Calculate the remainder when 958 is divided by 30.
28
What is the remainder when 22 is divided by 13?
9
Calculate the remainder when 264 is divided by 24.
0
Calculate the remainder when 571 is divided by 511.
60
Calculate the remainder when 137 is divided by 28.
25
Calculate the remainder when 481 is divided by 48.
1
Calculate the remainder when 516 is divided by 41.
24
What is the remainder when 5031 is divided by 53?
49
What is the remainder when 897 is divided by 6?
3
Calculate the remainder when 89 is divided by 49.
40
Calculate the remainder when 133 is divided by 53.
27
What is the remainder when 231 is divided by 47?
43
Calculate the remainder when 395 is divided by 102.
89
Calculate the remainder when 47 is divided by 30.
17
Calculate the remainder when 747 is divided by 15.
12
Calculate the remainder when 5093 is divided by 116.
105
Calculate the remainder when 3089 is divided by 221.
216
Calculate the remainder when 12136 is divided by 17.
15
What is the remainder when 8820 is divided by 12?
0
What is the remainder when 51 is divided by 3?
0
What is the remainder when 65 is divided by 11?
10
What is the remainder when 2774 is divided by 4?
2
Calculate the remainder when 72 is divided by 37.
35
Calculate the remainder when 1212 is divided by 29.
23
What is the remainder when 38 is divided by 23?
15
What is the remainder when 166 is divided by 25?
16
Calculate the remainder when 418 is divided by 5.
3
Calculate the remainder when 202 is divided by 30.
22
Calculate the remainder when 116 is divided by 26.
12
What is the remainder when 378 is divided by 108?
54
What is the remainder when 114 is divided by 41?
32
Calculate the remainder when 1174 is divided by 31.
27
Calculate the remainder when 22 is divided by 15.
7
Calculate the remainder when 790 is divided by 99.
97
What is the remainder when 481 is divided by 52?
13
What is the remainder when 1706 is divided by 559?
29
Calculate the remainder when 21 is divided by 3.
0
Calculate the remainder when 3359 is divided by 120.
119
What is the remainder when 184 is divided by 32?
24
Calculate the remainder when 2778 is divided by 926.
0
Calculate the remainder when 2073 is divided by 311.
207
Calculate the remainder when 5 is divided by 4.
1
What is the remainder when 92 is divided by 31?
30
What is the remainder when 7780 is divided by 173?
168
What is the remainder when 494 is divided by 49?
4
Calculate the remainder when 413 is divided by 135.
8
Calculate the remainder when 784 is divided by 131.
129
Calculate the remainder when 531 is divided by 507.
24
Calculate the remainder when 67 is divided by 11.
1
What is the remainder when 850 is divided by 122?
118
What is the remainder when 613 is divided by 300?
13
Calculate the remainder when 566 is divided by 64.
54
Calculate the remainder when 76 is divided by 16.
12
What is the remainder when 330 is divided by 91?
57
What is the remainder when 71 is divided by 53?
18
What is the remainder when 464 is divided by 26?
22
Calculate the remainder when 115 is divided by 3.
1
Calculate the remainder when 1166 is divided by 402.
362
Calculate the remainder when 734 is divided by 84.
62
What is the remainder when 27231 is divided by 13?
9
What is the remainder when 126 is divided by 6?
0
What is the remainder when 632 is divided by 305?
22
Calculate the remainder when 266 is divided by 79.
29
Calculate the remainder when 149 is divided by 23.
11
Calculate the remainder when 375 is divided by 118.
21
Calculate the remainder when 134 is divided by 51.
32
Calculate the remainder when 1070 is divided by 135.
125
What is the remainder when 201 is divided by 56?
33
Calculate the remainder when 746 is divided by 162.
98
Calculate the remainder when 648 is divided by 163.
159
Calculate the remainder when 967 is divided by 192.
7
Calculate the remainder when 124 is divided by 30.
4
Calculate the remainder when 373 is divided by 157.
59
What is the remainder when 1636 is divided by 26?
24
What is the remainder when 49 is divided by 18?
13
What is the remainder when 757 is divided by 172?
69
Calculate the remainder when 5877 is divided by 21.
18
Calculate the remainder when 150 is divided by 33.
18
Calculate the remainder when 4233 is divided by 36.
21
Calculate the remainder when 290 is divided by 67.
22
What is the remainder when 292 is divided by 56?
12
What is the remainder when 961 is divided by 74?
73
What is the remainder when 2725 is divided by 65?
60
What is the remainder when 2664 is divided by 127?
124
Calculate the remainder when 101 is divided by 16.
5
Calculate the remainder when 59 is divided by 8.
3
What is the remainder when 74 is divided by 56?
18
What is the remainder when 7316 is divided by 9?
8
Calculate the remainder when 62 is divided by 51.
11
Calculate the remainder when 19 is divided by 14.
5
What is the remainder when 3667 is divided by 153?
148
Calculate the remainder when 211 is divided by 99.
13
Calculate the remainder when 79 is divided by 6.
1
Calculate the remainder when 206 is divided by 124.
82
What is the remainder when 136 is divided by 13?
6
What is the remainder when 29345 is divided by 46?
43
What is the remainder when 131 is divided by 49?
33
Calculate the remainder when 2132 is divided by 74.
60
Calculate the remainder when 578 is divided by 58.
56
Calculate the remainder when 188 is divided by 41.
24
Calculate the remainder when 26 is divided by 14.
12
Calculate the remainder when 43 is divided by 15.
13
Calculate the remainder when 396 is divided by 13.
6
Calculate the remainder when 350 is divided by 39.
38
Calculate the remainder when 75 is divided by 7.
5
What is the remainder when 3200 is divided by 9?
5
What is the remainder when 22 is divided by 16?
6
What is the remainder when 55 is divided by 19?
17
Calculate the remainder when 141 is divided by 52.
37
What is the remainder when 22102 is divided by 36?
34
What is the remainder when 552 is divided by 15?
12
Calculate the remainder when 147 is divided by 86.
61
Calculate the remainder when 27 is divided by 11.
5
Calculate the remainder when 455 is divided by 31.
21
What is the remainder when 360 is divided by 91?
87
Calculate the remainder whe